 -230*s - 247*s + 465*s. Calculate the remainder when 825 is divided by s.
132
Let d = -426 + -51. Let x = -435 - d. What is the remainder when x is divided by 23?
19
Let r(q) = 198*q + 1. Let t be r(1). Let z = 572 + -571. Suppose 2*c + z = t. What is the remainder when c is divided by 20?
19
Suppose 65*r - 35*r = 45*r - 7170. What is the remainder when r is divided by 102?
70
Suppose 12*c = -6490 + 9500 + 8486. Calculate the remainder when c is divided by 37.
33
Let h(j) = 7*j - 6. Let x be h(2). Suppose x + 13 = 7*g. Suppose u + 385 = 3*f, -g*f + 397 = -6*u + 2*u. What is the remainder when f is divided by 32?
31
Suppose -230 = 18*f - 20*f. What is the remainder when 688 is divided by f?
113
Let w(k) = -2*k**2 + k + 8. Let p be w(2). Suppose 0 = -3*r + p*x + 313, -4*r + 4*x - 105 + 529 = 0. What is the remainder when r is divided by 26?
23
Suppose 151 = -5*l - 519. Let j = l - -418. Calculate the remainder when j is divided by 19.
18
Suppose 5*a = -i + 25, 2*i = -5*a + 7*i - 5. Suppose -4*s = -2*y + 28, 5*y + 0*y - 40 = a*s. Calculate the remainder when 75 is divided by (10 - y)/(6/20).
15
Let r(j) = j**2 - j + 22. Let s be r(13). Suppose -s = -4*q - 58. What is the remainder when q is divided by 16?
14
What is the remainder when (3/(-27))/((-1)/(-2)) + (-653786)/(-603) is divided by 68?
64
Suppose 5*k = 701 + 364. Let t be (-27)/108 + k/4. Let r = -4 + t. Calculate the remainder when r is divided by 25.
24
Suppose 33*v = 170*v - 30551. Calculate the remainder when v is divided by 9.
7
Let m(d) = d**2 - 15*d + 3. Let q be m(15). Calculate the remainder when (q/(-2))/((-3)/404) is divided by ((-170)/(-8))/((-20)/(-32)).
32
Suppose 124*m = -30*m + 15*m + 1488551. What is the remainder when m is divided by 18?
17
Let d be 1054/30 - (-28)/(-210). Let s be (77/d)/((-2)/(-10)). Suppose 0 = a - s + 6. What is the remainder when 14 is divided by a?
4
Let d = -115 - -302. Let p(l) = 2*l**2 + 29*l + 168. What is the remainder when d is divided by p(-7)?
61
Suppose -285 - 4003 = -32*i. Calculate the remainder when 1601 is divided by i.
127
Suppose -4*a + 882 = 222. What is the remainder when 983 is divided by a?
158
Suppose 0*s + c - 629 = -3*s, 0 = 4*s + c - 839. Suppose 8*y + 13*y = s. Calculate the remainder when 38 is divided by y.
8
Suppose -32*s = -5782 - 29994. What is the remainder when s is divided by 21?
5
Let d = -4455 + 9611. Calculate the remainder when d is divided by 5.
1
Suppose -868*g + 878*g = 80. Suppose -b + 40 = 2*i - 0*b, 4*b = -16. Calculate the remainder when i is divided by g.
6
Let x(r) = -r**3 - 4*r**2 + 14*r + 8. Let p be x(-6). Let i(j) = -2*j**3 - 7*j**2 - 15*j - 12. What is the remainder when i(p) is divided by 40?
24
Calculate the remainder when (10/(-6) - 5 - -1)*-15 is divided by ((-50)/(-15) + -3)/((-1)/(-66)).
19
Suppose 4*p = -24 - 160. Let h = -64 + 113. Let g = p + h. Calculate the remainder when 3 is divided by g.
0
Suppose 0 = 3*r - 134 - 77 + 70. Suppose 10 = l - 2*i, -3*i + 1 = -5*l + 16. Suppose -3*s + 2*s + 19 = l. Calculate the remainder when r is divided by s.
9
Suppose 60 = -4*a + 4*g, 3 + 7 = 2*g. What is the remainder when (-91)/13*((-20)/(-12) - 365/21) is divided by 4/20 - 278/a?
26
Suppose 12*z + 190 = 2*o + 9*z, -5*z = -2*o + 186. What is the remainder when 899 is divided by o?
17
Let p = -42 + 42. Let g be (p + 2)/(2 - (0 - -1)). Calculate the remainder when (1/g*107)/((-1)/(-2)) is divided by 27.
26
Let n be (20 - 27) + (2 - -64). Calculate the remainder when n/(-118)*(0 - 306) is divided by 23.
15
Let n = -202 + 17. Let g = n + 199. What is the remainder when 139 is divided by g?
13
Suppose -1 + 17 = 2*p. Let q(j) = p + j + 0*j + 5*j. What is the remainder when 62 is divided by q(0)?
6
Let p(x) = x**3 - 4*x**2 + 3*x - 10. Let t be p(4). Let m be (t + 2)*(-2)/(20/95). Let u = 109 + m. Calculate the remainder when u is divided by 24.
23
Let q(g) = -4*g + 1. Let w be q(4). Let j be (-130)/w*3 + -1. Let d = 32 - j. Calculate the remainder when 34 is divided by d.
6
Let n(a) = 2*a - 2 + 13*a + 6 - 15. Calculate the remainder when 21 is divided by n(1).
1
Suppose -5*m = -3*g - 8933, 10*m = 8*m + g + 3574. What is the remainder when m is divided by 128?
125
Suppose -101*x = -431 - 58361 - 19988. Calculate the remainder when x is divided by 29.
26
Suppose 0 = 12*r - 28*r - 5344. Let t = -184 - r. What is the remainder when t is divided by 4?
2
Let j(s) = -s**3 + 5*s**2 + 5*s - 13. Suppose i - 2*w = 70, 0 = -4*i + 6*w - w + 274. What is the remainder when i is divided by j(4)?
20
Let l(q) = -q**3 + 16*q**2 + 33*q - 22. Let p be l(-11). What is the remainder when (2/((-2)/(-1)))/(11/p) is divided by 67?
61
Let u(c) = -c**3 + 11*c**2 + 16*c - 4. What is the remainder when 480 is divided by u(12)?
40
Let w(a) = -a**2 + 13*a - 6. Let p be (-86)/(-12) - (1 - -5)/36. Let t(u) = u**3 - 6*u**2 - 5*u - 5. Calculate the remainder when w(8) is divided by t(p).
7
Suppose 24*j - 20396 = -9*j - 629. What is the remainder when j is divided by 124?
103
Suppose 3*u - 15 = -2*u, -432 = -w - u. Suppose -8*n = -21*n + w. What is the remainder when n is divided by 19?
14
Let u(p) = -p**3 - 3*p**2 + 28*p + 104. Calculate the remainder when u(-8) is divided by 16.
8
Let z(j) = -j**2 - 248*j - 6660. Calculate the remainder when z(-159) is divided by 1498.
1
What is the remainder when 208 is divided by ((-30)/4)/((-3)/(-2)*(-9)/45)?
8
Let b(o) = o**3 + 6*o**2 + 6*o + 19. Let x = -114 - -111. Calculate the remainder when 78 is divided by b(x).
22
Let t(k) = -18*k + 38. Let c(o) = -143*o + 308. Let y(d) = 4*c(d) - 33*t(d). What is the remainder when 284 is divided by y(2)?
20
Suppose -2*d = -5*a + 917, 0 = a + d - 207 + 25. Suppose -2*k = x - 84, -7*x + k + a = -5*x. What is the remainder when x is divided by 35?
20
Suppose 12575 + 6620 = 349*k. What is the remainder when 55 is divided by k?
0
Suppose 0 = -5*v + 2*v - 3*v + 1716. What is the remainder when 1042 is divided by v?
184
Suppose -x + 2*j + 4 + 2 = 0, 0 = 2*j - 4. Let o = 65 - -36. Let c = 128 - o. Calculate the remainder when c is divided by x.
7
Let r = -1 - -4. Let a(y) be the second derivative of -y**4/4 + 4*y**3/3 + 2*y**2 - 54*y + 2. Calculate the remainder when 2 is divided by a(r).
0
Let l(o) = -o**3 + 20*o**2 + 5*o - 34. Let p be l(20). Suppose 74*q = 72*q + p. Calculate the remainder when 162 is divided by q.
30
Suppose 0 = -0*x + 5*x - 3*x. Let o be (x - -63) + 4 + (-3 - 4). Let u = o + -37. What is the remainder when u is divided by 12?
11
Suppose 3*b - 7*b + 8 = 0. Let l(i) = 10*i**2 + 2*i - 4. Let y be l(b). Suppose -3*o - y = -4*o. Calculate the remainder when o is divided by 21.
19
Suppose -n = -3*h + 2, 5*h + 2 = -8890*n + 8893*n. Let l = 0 - -4. Calculate the remainder when l is divided by h.
0
Suppose -180 = -4470*q + 4464*q. Calculate the remainder when 867 is divided by q.
27
Let q(h) = -2*h**3 - 29*h**2 - 29*h - 396. What is the remainder when q(-22) is divided by 16?
14
Let c = -45 - -272. What is the remainder when c is divided by -38*((-29)/(-4) + -8)*2?
56
Let b(r) = 24*r + 50. Let m = 520 + -522. Calculate the remainder when 7 is divided by b(m).
1
Suppose 4*r = -16*r. Suppose -t + 3 = r, 0 = -8*j + 3*j - 3*t + 54. Calculate the remainder when 34 is divided by j.
7
Calculate the remainder when (-2)/((-10 - (-105)/10) + (-1023)/2034) is divided by 17.
15
What is the remainder when -16*(135/(-72) - -2 - 1514/16) is divided by 76?
68
What is the remainder when 923 is divided by 156/(-51)*(-714)/84?
13
Let z = 3762 + -3425. Calculate the remainder when z is divided by 68.
65
Suppose -31*h + 21940 = -151*h + 79900. Calculate the remainder when h is divided by 16.
3
Suppose 663 = 31*k + 8*k. What is the remainder when 195 is divided by k?
8
Suppose 2*m - 10 = -3*m. Let z(c) = -3*c + m*c + 8 + 9 - c. What is the remainder when 5 is divided by z(7)?
2
Let p be (60*-5)/(-5) - (3 + -1). Let f = 75 - p. Suppose -120 = -f*k + 5*k. What is the remainder when k is divided by 3?
1
Let u be -1 + -1 + (-15 - 6). Let p = 35 + u. Calculate the remainder when 75 is divided by ((-40)/p)/(-5)*39.
23
Let h(r) = r**3 - r**2 - r - 1. Let l(o) = -3*o**3 + 27*o**2 + 86*o + 12. Let d(c) = 2*h(c) + l(c). Calculate the remainder when 49 is divided by d(28).
9
Suppose -